{"version":"1.0","provider_name":"Amor, paz caridad","provider_url":"https:\/\/amorpazy-cp515.wordpresstemporal.com\/amorpazycaridad.es","author_name":"Antonio Lled\u00f3 Flor","author_url":"https:\/\/amorpazy-cp515.wordpresstemporal.com\/amorpazycaridad.es\/author\/antonio\/","title":"EL ORDEN SOCIAL- IV\u00a0 | Amor, paz caridad","type":"rich","width":600,"height":338,"html":"<blockquote class=\"wp-embedded-content\" data-secret=\"PvqIwxEmzT\"><a href=\"https:\/\/amorpazy-cp515.wordpresstemporal.com\/amorpazycaridad.es\/el-orden-social-4\/\">EL ORDEN SOCIAL- IV\u00a0<\/a><\/blockquote><iframe sandbox=\"allow-scripts\" security=\"restricted\" src=\"https:\/\/amorpazy-cp515.wordpresstemporal.com\/amorpazycaridad.es\/el-orden-social-4\/embed\/#?secret=PvqIwxEmzT\" width=\"600\" height=\"338\" title=\"\u00abEL ORDEN SOCIAL- IV\u00a0\u00bb \u2014 Amor, paz caridad\" data-secret=\"PvqIwxEmzT\" frameborder=\"0\" marginwidth=\"0\" marginheight=\"0\" scrolling=\"no\" class=\"wp-embedded-content\"><\/iframe><script type=\"text\/javascript\">\n\/* <![CDATA[ *\/\n\/*! This file is auto-generated *\/\n!function(d,l){\"use strict\";l.querySelector&&d.addEventListener&&\"undefined\"!=typeof URL&&(d.wp=d.wp||{},d.wp.receiveEmbedMessage||(d.wp.receiveEmbedMessage=function(e){var t=e.data;if((t||t.secret||t.message||t.value)&&!\/[^a-zA-Z0-9]\/.test(t.secret)){for(var s,r,n,a=l.querySelectorAll('iframe[data-secret=\"'+t.secret+'\"]'),o=l.querySelectorAll('blockquote[data-secret=\"'+t.secret+'\"]'),c=new RegExp(\"^https?:$\",\"i\"),i=0;i<o.length;i++)o[i].style.display=\"none\";for(i=0;i<a.length;i++)s=a[i],e.source===s.contentWindow&&(s.removeAttribute(\"style\"),\"height\"===t.message?(1e3<(r=parseInt(t.value,10))?r=1e3:~~r<200&&(r=200),s.height=r):\"link\"===t.message&&(r=new URL(s.getAttribute(\"src\")),n=new URL(t.value),c.test(n.protocol))&&n.host===r.host&&l.activeElement===s&&(d.top.location.href=t.value))}},d.addEventListener(\"message\",d.wp.receiveEmbedMessage,!1),l.addEventListener(\"DOMContentLoaded\",function(){for(var e,t,s=l.querySelectorAll(\"iframe.wp-embedded-content\"),r=0;r<s.length;r++)(t=(e=s[r]).getAttribute(\"data-secret\"))||(t=Math.random().toString(36).substring(2,12),e.src+=\"#?secret=\"+t,e.setAttribute(\"data-secret\",t)),e.contentWindow.postMessage({message:\"ready\",secret:t},\"*\")},!1)))}(window,document);\n\/\/# sourceURL=https:\/\/amorpazy-cp515.wordpresstemporal.com\/amorpazycaridad.es\/wp-includes\/js\/wp-embed.min.js\n\/* ]]> *\/\n<\/script>\n","description":"\u00a0 \u00a0 Dentro de la estructura social que inevitablemente compondr\u00e1 la nueva humanidad, es preciso hacer menci\u00f3n al n\u00facleo principal de toda sociedad, constituido por la familia.\u00a0 \u00a0 \u00a0 \u00a0 La familia, as\u00ed como su planificaci\u00f3n, ha de ser objeto de especial preocupaci\u00f3n a la hora de cimentar las bases de ese n\u00facleo familiar, que [&hellip;]"}

Antonio Lledó Flor

Dentro de la estructura social que inevitablemente compondrá la nueva humanidad, es preciso hacer mención al núcleo principal de toda sociedad, constituido por la familia.        La familia, así como su planificación, ha de ser objeto de especial preocupación a la hora de cimentar las bases de ese núcleo familiar, que [&hellip;]
